uppose -12 = -4*d + p, 2*v - 4*d = 14. What are the prime factors of v?
17
Let x(h) = h - 1 + 7 - 3*h - 7 + 9*h**2. Let o be x(-1). What are the prime factors of 6/o - (-24)/10?
3
Suppose 0 = 515*y - 525*y + 4320. What are the prime factors of y?
2, 3
Let j be (-3990)/(-27) - ((-60)/54)/5. Let d = -24 + j. List the prime factors of d.
2, 31
Suppose -562 = -2*d + 2*k, 4*d - 3*k - 2*k - 1126 = 0. What are the prime factors of d?
3, 31
Let j = -49 + -7. Let v = j - -98. List the prime factors of v.
2, 3, 7
Let c(t) be the first derivative of 4*t**3 - t**2 - 2*t - 2. Let u be c(-1). List the prime factors of (u/(-5))/((-3)/20).
2
Let x(f) be the third derivative of f**6/120 - 11*f**5/60 + 7*f**4/12 + 2*f**3/3 + 10*f**2. List the prime factors of x(10).
2, 11
Let d(n) = -n**3 - 8*n**2 + 89*n + 69. List the prime factors of d(-20).
3089
Suppose -5*d + 4309 = -4*c, 3*d - 2*c - 2585 = -0*d. Suppose 5*t - d = 2*t. What are the prime factors of t?
7, 41
Let f be 165/11*(-6)/10. What are the prime factors of -1*f/((-45)/(-290))?
2, 29
Let d(w) be the third derivative of w**6/120 + 3*w**5/20 + w**4/24 + 4*w**3/3 - 7*w**2. Let k be d(-9). What are the prime factors of 43 + 3 - (k + -3)?
2, 5
Let g(d) = d**2 + 1. Let v = 0 + 5. Let y be g(v). Let u = 6 + y. List the prime factors of u.
2
Let h(x) = -3*x**3 + 3*x**2 + 57*x + 404. What are the prime factors of h(-8)?
2, 419
Suppose 0 = -z - 4*p + 4, 2*z - 16 + 1 = -p. Suppose 0 = -3*m - 5*x + 492, x + 156 = -z*m + 9*m. List the prime factors of m.
3, 53
Suppose 25 = -2*r - 4*i + 7, 3*r - i = -48. Let z = r - -24. List the prime factors of z.
3
Let w be (-2 - 47/(-4))*(-160)/(-24). Suppose 42 = -4*m + q - 116, 48 = -m - 4*q. Let p = m + w. List the prime factors of p.
5
Suppose 4*y = -5*x + 1856, -4*x + 1488 = 8*y - 4*y. What are the prime factors of x?
2, 23
Let z(n) = -n**3 + n**2 + 4*n + 3 + 0 + 6. What are the prime factors of z(0)?
3
Let l(s) = -55*s + 1. Let r be l(-3). Suppose 151 = 4*m + 5*f, -3*m - m - 2*f = -r. What are the prime factors of m?
2, 11
Suppose 0*l + 15 = d - 2*l, 5*d + 5*l = 0. Suppose 0 = -v - d, 0 = 3*h - 9*v + 7*v - 736. List the prime factors of h.
2, 11
Suppose -3*t + f = 241 - 734, -5*t + 835 = -5*f. List the prime factors of t.
163
Suppose 3323 = -35*f + 11863. List the prime factors of f.
2, 61
Let a = 38 + -33. Let o(u) = -u**2 - 5*u + 17. Let s be o(a). Let z = -17 - s. List the prime factors of z.
2
Let k(a) = 153*a - 49. What are the prime factors of k(8)?
5, 47
Let k(j) = -78*j + 1. Let h(t) = -t**3 - 6*t**2 - 5*t - 1. Let b be h(-5). List the prime factors of k(b).
79
Suppose 4*h + 5 = -7. Let n be 0 - (h - -3)/2. Suppose n = 2*s - 48 - 74. List the prime factors of s.
61
Let p(n) = n**2 - 7*n + 8. Let l be (-72)/21*21/(-6). What are the prime factors of p(l)?
2, 17
Let u = 5157 + -3399. What are the prime factors of u?
2, 3, 293
Let k be (-1)/(-6) - (-7)/(-42). Let b be (1 + -8)/(1 - k). What are the prime factors of (b/14)/((-2)/12)?
3
Let s(r) = 2*r**2 + 9*r + 4. Let w be s(-4). Suppose -2*l - 2 = -w, 4*g - 3*l - 39 = 0. List the prime factors of g.
3
Let h be 2 + 6 - 2 - 3. Suppose -g - 4*u + 4 + h = 0, -5*g + 2*u + 13 = 0. Suppose 2*f = 4*z - 154, -g*z + 19 = 2*f - 114. What are the prime factors of z?
41
Suppose 657 = x - 3*l, 4921 - 1572 = 5*x + l. List the prime factors of x.
3, 223
Suppose 706 = z - 555. What are the prime factors of z?
13, 97
Let b(q) be the second derivative of q**6/360 + 3*q**5/5 + 11*q**4/12 + 4*q. Let g(j) be the third derivative of b(j). List the prime factors of g(0).
2, 3
List the prime factors of 5 + (11526/4)/(9/6).
2, 3, 107
Let a(b) = -b**3 - 19*b**2 - 17*b + 23. Let m be a(-18). Suppose 0 = -m*h - 2*z + z + 396, 4*z + 16 = 0. What are the prime factors of h?
2, 5
Suppose 3*k = 4*w - 37, -k + 5 = -0*k + 3*w. Let x(m) = -m**3 - 6*m**2 - 2*m - 1. Let j be x(k). Let y = j - 30. What are the prime factors of y?
2
Suppose -2*s + f + 525 = 3*s, -111 = -s - f. What are the prime factors of s?
2, 53
What are the prime factors of 840 + 2 - -4 - (-18)/(-3)?
2, 3, 5, 7
List the prime factors of (556/6)/1 - (-9)/27.
3, 31
Let u(k) = k**2 - 32*k - 83. What are the prime factors of u(-21)?
2, 5, 103
What are the prime factors of 23/(1495/193170) - (-4)/26?
2, 743
Suppose 2*r + 0*r + x = 571, 2*x = 2*r - 568. Suppose -l = 4*j - 537, 2*j - 3*l - r = 2*l. List the prime factors of j.
3, 5
Let t(o) = -o**2 - 3*o + 1. Let m be t(-2). Suppose 5*i = 3*c, 7*c + 2*i = 4*i. Suppose c = -3*n - 5*b + 144, n + m*b - 49 = b. What are the prime factors of n?
43
Let m(z) = -2*z**3 - 3*z**2 + 9*z + 4. Let i be m(-6). Suppose -2*a - 5*d + 223 = a, 4*a - 5*d = i. What are the prime factors of a?
71
Let v be 0/1 - -2*4/2. Suppose -15 = -v*a + a. List the prime factors of a.
5
Suppose -p = -6*p - 3470. List the prime factors of (-1)/6*p + 1/3.
2, 29
Let h(w) = -7*w**2 + 9*w + 3. Let z be h(3). Let b = 92 + z. What are the prime factors of b?
59
Let z be -188*(-5 + 10 - 6). Suppose 0*x = x + s - z, -s = -5*x + 952. List the prime factors of x.
2, 5, 19
Suppose 11 = 2*n + n - z, 5*n - 24 = -4*z. Suppose 0 = n*t + t, 0 = 4*c - 2*t - 8. List the prime factors of c*(164/8 - 2).
37
Let k be 6/27 - (-86)/18. Suppose -h = -2*s - k, h - 4*s = 6*h - 25. Suppose 0 = -3*d + 4*j + 189, -2*d + h*j = -193 + 74. List the prime factors of d.
67
List the prime factors of (474/(-12) - 3)*640/(-25).
2, 17
Let w(b) = -b + 18. Let o be w(8). Let h be (o/(-12))/(3/(-18)). Suppose -3*r = h*v - 198, -v = 3*r - 35 - 7. List the prime factors of v.
3, 13
Let s(m) = 2*m**3 - 2*m**2 + 2*m - 1. Let b be s(2). What are the prime factors of 656/22 + 2/b?
2, 3, 5
Suppose 592 + 2804 = 2*d + 4*p, 3*d - 5084 = -p. List the prime factors of d.
2, 7, 11
Let y(n) = -n + 3 - 2 - 4*n - 28*n. What are the prime factors of y(-2)?
67
Let d(q) = -2*q + 62. Let n be d(29). Suppose -2*y - 3 + 7 = 0. Suppose -3*v + u + n*u = -4, -5*v + y*u = -13. What are the prime factors of v?
3
Let q(i) = -2*i**2 + 24*i - 6. Let v be q(23). What are the prime factors of 6/(-4)*(8 - v/(-24))?
2, 5
Let i = -3 - -16. Suppose -30 = 16*p - i*p. List the prime factors of (1 - p) + -7 + 5.
3
Let n = -17 - -62. Suppose 2*z + n = 3*z. List the prime factors of z.
3, 5
Let v = -153 + 58. Let x = -67 - v. What are the prime factors of x?
2, 7
Let t(h) = h**3 - 5*h**2 + 4*h + 6. Let c be t(4). Suppose c*q = 3*q + 321. What are the prime factors of q?
107
Let y(k) = k - 2. Suppose 0 = 3*i - 6 - 6. Let d be y(i). Suppose -44 = -d*h - 4*u, -3*u = 3*h - 43 - 14. List the prime factors of h.
2
Let c be 1254/(0 - -2) - 8/(-4). Suppose x + 3*p - c = -3*x, 0 = -3*x - 5*p + 469. What are the prime factors of x?
2, 79
Suppose -4*p + 3*j + 21469 = 0, -8*p + 13*p - 26842 = -2*j. List the prime factors of p.
2, 11, 61
Let b be 4 + (551 - 0) + -3. Suppose -l - 3*x = -79, 197 = -5*l + 5*x + b. What are the prime factors of l?
73
Let b be 3/12 + (-1005)/(-60). What are the prime factors of b/(45/11 - 8/2)?
11, 17
Let m = -842 - -1959. List the prime factors of m.
1117
Suppose -264*v + 276*v - 21180 = 0. List the prime factors of v.
5, 353
Let k(s) = 9*s**2 + 42*s + 12. What are the prime factors of k(-10)?
2, 3, 41
Let s = 109 + -103. Suppose 7*t - 143 = -s*t. What are the prime factors of t?
11
Suppose 3*g - r + 2 = 4*g, 0 = 3*g - 4*r + 15. Let o(d) = -117*d. Let c be o(g). What are the prime factors of 2/(-13) - (-1656)/c?
2, 7
Let p(m) = -3*m + 33. Suppose 8*k - 30 = 10*k. List the prime factors of p(k).
2, 3, 13
Suppose -2*t + t = -6. What are the prime factors of 4/t + (-246)/(-9)?
2, 7
Suppose 2*q = -c - 0 - 7, 0 = 3*q + 4*c + 23. Let d be q/(-6)*2*6. List the prime factors of (-12)/d*-6*1.
2, 3
Let a(n) = -n**3 - 10*n**2 - 19*n - 20. Let y be a(-8). Suppose 0 = y*m + m + 420. What are the prime factors of (1 + -2)*(m - -1)?
83
Let l(s) = -202*s + 78. List the prime factors of l(-14).
2, 1453
Suppose 3*g = 5*y + 131, 3*g + 0*g - 4*y - 136 = 0. Let p = g + 17. What are the prime factors of p?
3, 23
Suppose -4*v - 5 = 5*x - 2, 4*x = 4*v - 24. Suppose v*t - 7*t + 456 = 0. What are the prime factors of t?
2, 3, 19
Let m(c) = -2*c**3 - 11*c**2 - 13*c - 108. What are the prime factors of m(-12)?
2, 3, 5
Let m be (-300)/(-3)*(-10)/4. Let h = m - -426. Su